) = j + 8. Let n be v(r). What is the greatest common factor of 2 and n?
2
Let c = -13 - -26. What is the highest common factor of c and 91?
13
Let m(l) = 5*l - 1. Let z be m(2). Let x be (-2)/(-6) - (-70)/6. Suppose x + z = a. What is the highest common factor of 7 and a?
7
Let z(l) = l**3 - 4*l**2 + 4. Let k be z(4). Suppose 0*u + 10 = u. Let i be (-8)/(-20) - (-156)/u. Calculate the highest common divisor of i and k.
4
Let y be 2 + -2 - (-5 + -2). Suppose w - 10 = -2*x + x, -x + y = 2*w. Let u = 59 - 20. Calculate the greatest common factor of x and u.
13
Suppose 0 = -5*l + 5 + 45. Suppose l = o - 14. Let c = o - 16. Calculate the greatest common divisor of 16 and c.
8
Let u(g) = -g**3 + 4*g**2 - 2*g. Let h be u(3). Let j be 665/45 + (-4)/(-18). Calculate the highest common factor of h and j.
3
Let v(k) = -9*k + 9. Let w be v(-7). Let s be (-245)/(-4) - 2/8. Suppose 0 = -3*o + 5*l + s, -o + l + 17 = -0*o. What is the highest common divisor of o and w?
12
Let v = 18 - 16. Suppose -v*i = -23 - 97. What is the highest common factor of 40 and i?
20
Let u = -15 + 35. Calculate the highest common factor of 10 and u.
10
Let a be 1/(-4) - 510/(-24). Suppose -4*s + 5*l = 3, -s + 0*l - 2*l - 4 = 0. Let m be s*(-2)/4 + a. What is the greatest common divisor of m and 33?
11
Let a = -14 + 6. Let y = a + 9. Let h be 4/(4*y/22). Calculate the highest common divisor of 2 and h.
2
Suppose y = 6*y - 10. Let n(q) = 3*q + 2. Let d be n(2). Calculate the highest common factor of y and d.
2
Suppose -3*s + 5 + 49 = 0. Let m(z) = 6*z**2 - z - 1. Let x be m(5). What is the greatest common divisor of x and s?
18
Let t = -31 + 61. What is the highest common divisor of 10 and t?
10
Let f(t) = -30*t + 33. Let z be f(-16). What is the greatest common factor of z and 57?
57
Let p = 11 + 43. Let a = 22 - 16. Calculate the highest common factor of a and p.
6
Let d be ((-9)/(-2))/(12/32). What is the highest common factor of 48 and d?
12
Let u = 14 - 6. Let n = 72 + -48. Calculate the highest common factor of u and n.
8
Suppose -38 = -4*b + 2. What is the greatest common factor of 5 and b?
5
Let v(u) = 6*u + 2. Let f = 2 + 0. Let t be v(f). Calculate the greatest common factor of 28 and t.
14
Let i be 2/((12/(-9))/2). Let p = 13 + i. What is the greatest common factor of 40 and p?
10
Suppose 40*c - 196 = 36*c. What is the greatest common factor of 7 and c?
7
Suppose 0 = -5*z + 2*z + 123. What is the highest common factor of 41 and z?
41
Let c = -5 + 7. Calculate the highest common divisor of c and 18.
2
Suppose 902 = 5*p - 98. Let d be (-389)/(-3) + (-2)/(-6). Suppose 2*f - 2*m = 48, f = -4*f - 5*m + d. Calculate the highest common factor of p and f.
25
Let w(y) = 2*y**2 - 2*y - 26. Let z be w(-4). Let u be 28/(-3)*18/(-4). Calculate the greatest common factor of u and z.
14
Let n be -2 - (-174)/(-3 - -2). Let w = -22 - n. What is the greatest common divisor of w and 14?
14
Let t(s) = -2*s. Let g be t(-9). What is the highest common divisor of g and 126?
18
Suppose -66 = 2*x - 4*x. Let c = 3 + x. Let p be (-28)/(-35) - (-172)/10. Calculate the greatest common factor of c and p.
18
Let m be (-4)/2 - (0 + -5). Let v be 54/8*(-3 + 7). Suppose -v - 93 = -5*r. What is the highest common divisor of m and r?
3
Let n = -138 + 233. What is the greatest common factor of n and 38?
19
Let m(z) be the second derivative of z**5/20 - 3*z**4/4 + 4*z**3/3 + 2*z**2 - 8*z. Let x be m(8). What is the greatest common divisor of x and 20?
4
Let l be 79/5 + 3/15. What is the greatest common factor of l and 24?
8
Let v(i) = 7*i**2 + 3*i - 8. Let d be v(-4). What is the greatest common factor of d and 23?
23
Let l = -52 - -73. What is the highest common factor of 14 and l?
7
Let a be (-1 - -6)*(-4)/(-5). Suppose a*n = 5*z - 67, 0 = -5*n + 5*z - 30 - 50. Let s = 0 - n. Calculate the highest common factor of s and 104.
13
Let z = -3 - -6. Suppose -5*l + 120 = -z*y - 2*y, -3*l = 4*y - 72. What is the greatest common factor of 36 and l?
12
Let d(a) = -2*a + 1. Let o = -10 - -8. Let t be d(o). Let k = -22 - -42. Calculate the greatest common factor of t and k.
5
Suppose -2*y + 4*o - 1138 = -7*y, 3*o = 5*y - 1124. Suppose -5*h = -2*w - 0*w + y, w - 2*h - 112 = 0. What is the highest common factor of w and 12?
12
Let p(c) = 7*c - 23. Let k be p(9). What is the greatest common divisor of k and 60?
20
Suppose -5*t + 225 = x, -575 = -3*x + 3*t + 2*t. Calculate the greatest common factor of x and 25.
25
Suppose 0 = -3*w + 6*w. Suppose 2*k - 162 = -w*k. Let r be (2 - 0)*(-27)/(-6). Calculate the greatest common factor of r and k.
9
Let p = 6 + -1. Suppose -3*v + p*h - 2*h - 9 = 0, -v - 3*h + 17 = 0. Calculate the highest common divisor of v and 4.
2
Let f(c) = -c**2 - 15*c - 14. Let q be f(-13). Calculate the greatest common factor of q and 24.
12
Let v(z) = 3*z**2 - 5*z - 1. Let r be v(4). Let g = r - 18. Suppose -3 + g = u. Calculate the greatest common divisor of u and 6.
6
Suppose 0*n - 45 = -3*n + a, 30 = 3*n + 4*a. Suppose -n*x + 10*x + 248 = 0. What is the highest common factor of 93 and x?
31
Suppose -28 = -3*i - 0*p - 2*p, -4 = -i - 2*p. Suppose 14*r - 10*r - 240 = 0. Calculate the highest common divisor of i and r.
12
Let z be (-736)/(-12)*(-15)/(-4). Calculate the highest common factor of z and 92.
46
Let c(s) = s**3 - 10*s**2 + 4. Let m be c(10). Let y be (66/18 - 1)/((-2)/(-6)). Calculate the highest common divisor of y and m.
4
Let g = 5 + -8. Let v be 52/6 + g/(-9). Let h be 4/(-6) - 411/(-9). Calculate the greatest common divisor of v and h.
9
Suppose a - 304 = -3*a. Suppose a = 5*z + c, 5*z - 3*c = -2*c + 74. Suppose 21 = 3*l - z. What is the highest common factor of 18 and l?
6
Suppose 7*t - 4*t + 4*x = 146, 5*t - 3*x = 195. Suppose 30 = 8*j - 3*j. What is the greatest common divisor of j and t?
6
Let l = -22 + -5. Let w be 2/(-9) - 2436/l. Calculate the highest common divisor of w and 10.
10
Suppose 4*p - 66 = -5*k + 85, -4 = -p. Let b be k/(-5) + (-2)/(-5). Let g = -3 - b. Calculate the highest common divisor of g and 4.
2
Suppose 3*y + 9 = 0, -4*v - 7*y + 4 = -3*y. Calculate the highest common factor of v and 2.
2
Let u(k) = -k - 3 - 6*k**2 + k**3 + k**3 + 5*k. Let y be u(4). Suppose -15 - 21 = -2*i. What is the highest common factor of y and i?
9
Let u(h) = h**2 + 3*h + 2. Let c be u(-6). Calculate the greatest common divisor of 30 and c.
10
Let i(t) = -3*t + 31. Let m be i(6). Calculate the greatest common factor of m and 13.
13
Suppose b = 3*b - 68. Suppose 46 = g - b. Suppose 4*a = 2*t - g, a + 133 = 4*t - 13. What is the highest common factor of 24 and t?
12
Let p be 42 + 0*3/3. Calculate the highest common factor of 63 and p.
21
Suppose 4*h = -5*a + 172, -5*h + 3*a + 60 = -4*h. What is the greatest common divisor of h and 6?
6
Let b(t) = t + 21. Let f be b(-11). Calculate the highest common factor of 15 and f.
5
Suppose 2*c = 5*c - 372. Let y be c/10 + 4/(-10). Let d(l) = -l**3 - 5*l**2 + 9*l - 5. Let j be d(-7). Calculate the greatest common factor of y and j.
6
Let c = 2 + 12. Calculate the highest common divisor of 7 and c.
7
Let g = -72 + 44. Let u = g - -49. Calculate the greatest common factor of u and 105.
21
Let f(h) = -h**3 + 4*h**2 + h - 4. Let z be f(3). Let s be (-8)/16 + 49/2. Calculate the highest common divisor of z and s.
8
Let o = -8 - -9. Let g(a) = a**3 + 4*a**2 - a - 1. Let r be g(-3). What is the greatest common divisor of r and o?
1
Suppose 0 = -2*q + 4*q - 16. Let m(g) = -g**3 - 7*g**2 + 14*g - 12. Let r be m(-9). What is the highest common divisor of q and r?
8
Suppose 3*t - 8 = 5*i, 5*t - 4*i - 5 = 4*t. Let g be (2/(-4))/((-8)/16). What is the greatest common factor of t and g?
1
Let m be ((-45)/6)/(9/(-60)). Calculate the highest common factor of 25 and m.
25
Let h be (14/(-6) - 0)*-3. Let l = 1 + h. What is the highest common divisor of 56 and l?
8
Let y(l) = -l**3 - 4*l**2 + 2*l + 5. Let q be y(-5). What is the highest common factor of 50 and q?
10
Let n(f) = f + 10. Let m be n(-7). Suppose 830 = 2*w + m*w. Suppose -3*o = -191 - w. Calculate the greatest common divisor of o and 17.
17
Let w be 2/(-3) + 4/6. Suppose w*z - 20 = -2*z. Calculate the greatest common factor of 10 and z.
10
Let l = 181 + -103. Calculate the highest common factor of 52 and l.